65228.
2, 17, 41, 131
List the prime factors of 22317145.
5, 139, 163, 197
List the prime factors of 443051.
7, 167, 379
What are the prime factors of 998263?
7, 142609
What are the prime factors of 9370975?
5, 374839
What are the prime factors of 1882414?
2, 941207
List the prime factors of 1885341.
3, 628447
List the prime factors of 5862388.
2, 7, 209371
What are the prime factors of 6881168?
2, 7, 67, 131
What are the prime factors of 11993443?
7, 11, 29, 41, 131
What are the prime factors of 866550?
2, 3, 5, 53, 109
What are the prime factors of 1808940?
2, 3, 5, 7, 59, 73
List the prime factors of 5357527.
7, 167, 4583
List the prime factors of 138326.
2, 69163
What are the prime factors of 9795313?
11, 80953
List the prime factors of 797244.
2, 3, 7, 9491
What are the prime factors of 924396?
2, 3, 11, 47, 149
List the prime factors of 5277571.
13, 405967
What are the prime factors of 1604550?
2, 3, 5, 19, 563
List the prime factors of 1022446.
2, 511223
List the prime factors of 77393.
193, 401
List the prime factors of 16061531.
163, 211, 467
List the prime factors of 18925052.
2, 29, 163147
What are the prime factors of 789811?
11, 19, 3779
What are the prime factors of 2890404?
2, 3, 11, 811
List the prime factors of 22887947.
433, 52859
List the prime factors of 610904.
2, 7, 10909
What are the prime factors of 1006527?
3, 157, 2137
What are the prime factors of 10233515?
5, 2046703
What are the prime factors of 18039287?
7, 2577041
What are the prime factors of 7586996?
2, 131, 14479
What are the prime factors of 678294?
2, 3, 53, 79
List the prime factors of 1553714.
2, 331, 2347
What are the prime factors of 577130?
2, 5, 57713
List the prime factors of 187445.
5, 37489
What are the prime factors of 1152277?
7, 17, 23, 421
What are the prime factors of 4539452?
2, 1134863
List the prime factors of 1781812.
2, 445453
List the prime factors of 10812085.
5, 17, 131, 971
List the prime factors of 366156.
2, 3, 7, 1453
What are the prime factors of 414322?
2, 23, 9007
What are the prime factors of 4401399?
3, 137, 10709
List the prime factors of 2592100.
2, 5, 7, 23
What are the prime factors of 8928130?
2, 5, 113, 7901
List the prime factors of 12981718.
2, 89, 72931
List the prime factors of 127833.
3, 42611
List the prime factors of 978656.
2, 7, 17, 257
List the prime factors of 407153.
407153
List the prime factors of 9733484.
2, 2433371
List the prime factors of 1250782.
2, 13, 73, 659
List the prime factors of 5601554.
2, 7, 47, 8513
List the prime factors of 535342.
2, 267671
What are the prime factors of 4224936?
2, 3, 401, 439
What are the prime factors of 501181?
173, 2897
List the prime factors of 307597.
67, 4591
What are the prime factors of 1423180?
2, 5, 11, 6469
What are the prime factors of 412586?
2, 67, 3079
List the prime factors of 12928943.
743, 17401
What are the prime factors of 3340362?
2, 3, 556727
List the prime factors of 10258251.
3, 199, 17183
What are the prime factors of 32684009?
19, 1720211
What are the prime factors of 114665?
5, 17, 19, 71
What are the prime factors of 11439517?
11439517
What are the prime factors of 121187?
11, 23, 479
List the prime factors of 795061.
613, 1297
What are the prime factors of 6230225?
5, 31, 8039
List the prime factors of 1480577.
7, 257, 823
List the prime factors of 12091433.
41, 7193
What are the prime factors of 3306310?
2, 5, 7, 149, 317
List the prime factors of 74819.
23, 3253
What are the prime factors of 16824171?
3, 7, 13, 61627
What are the prime factors of 577414?
2, 449, 643
List the prime factors of 1064498.
2, 532249
List the prime factors of 204413.
11, 18583
What are the prime factors of 71272?
2, 59, 151
What are the prime factors of 4200864?
2, 3, 43759
List the prime factors of 137711.
7, 103, 191
What are the prime factors of 234868?
2, 71, 827
List the prime factors of 962540.
2, 5, 17, 19, 149
What are the prime factors of 3443185?
5, 688637
List the prime factors of 305114.
2, 373, 409
What are the prime factors of 519578?
2, 71, 3659
List the prime factors of 419481.
3, 127, 367
What are the prime factors of 20901633?
3, 37, 188303
List the prime factors of 748568.
2, 137, 683
List the prime factors of 5002428.
2, 3, 337, 1237
What are the prime factors of 2652259?
139, 19081
What are the prime factors of 12438681?
3, 4146227
List the prime factors of 1431236.
2, 357809
List the prime factors of 59521.
7, 11, 773
What are the prime factors of 1666420?
2, 5, 7, 11903
What are the prime factors of 392217?
3, 7, 19, 983
What are the prime factors of 94869?
3, 83, 127
What are the prime factors of 286876?
2, 71719
List the prime factors of 538736.
2, 11, 3061
What are the prime factors of 34337918?
2, 47, 365297
What are the prime factors of 12375417?
3, 31, 133069
What are the prime factors of 293880?
2, 3, 5, 31, 79
What are the prime factors of 1546693?
151, 10243
List the prime factors of 425169.
3, 29, 181
List the prime factors of 1606740.
2, 3, 5, 61, 439
List the prime factors of 3129801.
3, 929, 1123
What are the prime factors of 391249?
391249
List the prime factors of 8450191.
1097, 7703
What are the prime factors of 24649?
157
List the prime factors of 4914154.
2, 7, 351011
What are the prime factors of 675671?
23, 29, 1013
List the prime factors of 839852.
2, 13, 31, 521
What are the prime factors of 568015?
5, 7, 16229
What are the prime factors of 305739?
3, 7, 23, 211
What are the prime factors of 15729?
3, 7, 107
List the prime factors of 304618.
2, 223, 683
List the prime factors of 534250.
2, 5, 2137
What are the prime factors of 16406932?
2, 4101733
List the prime factors of 26770237.
13, 2059249
List the prime factors of 1336421.
17, 127, 619
List the prime factors of 6512406.
2, 3, 263, 4127
List the prime factors of 456293.
456293
List the prime factors of 1050249.
3, 23, 31, 491
List the prime factors of 2574934.
2, 1287467
What are the prime factors of 16472?
2, 29, 71
What are the prime factors of 238533?
3, 23, 3457
What are the prime factors of 16310747?
37, 440831
What are the prime factors of 1006381?
79, 12739
List the prime factors of 25805822.
2, 7, 1843273
List the prime factors of 502032.
2, 3, 10459
List the prime factors of 746730.
2, 3, 5, 8297
What are the prime factors of 1475633?
443, 3331
List the prime factors of 253026.
2, 3, 14057
List the prime factors of 858900.
2, 3, 5, 7, 409
What are the prime factors of 6368983?
6368983
What are the prime factors of 1674522?
2, 3, 41, 2269
List the prime factors of 4741656.
2, 3, 197569
List the prime factors of 2747050.
2, 5, 54941
What are the prime factors of 3429687?
3, 983, 1163
What are the prime factors of 1100548?
2, 73, 3769
List the prime factors of 125156.
2, 67, 467
What are the prime factors of 1991463?
3, 663821
What are the prime factors of 971500?
2, 5, 29, 67
List the prime factors of 7415484.
2, 3, 311, 1987
What are the prime factors of 83132?
2, 7, 2969
List the prime factors of 286296.
2, 3, 79, 151
List the prime factors of 266049.
3, 7, 41, 103
What are the prime factors of 8120020?
2, 5, 37, 10973
List the prime factors of 5350978.
2, 811, 3299
List the prime factors of 16009895.
5, 11, 291089
List the prime factors of 4295397.
3, 1431799
What are the prime factors of 5164517?
5164517
List the prime factors of 425587.
211, 2017
List the prime factors of 4612217.
4612217
What are the prime factors of 2835107?
11, 17, 15161
List the prime factors of 18637.
18637
List the prime factors of 3552237.
3, 13, 97, 313
What are the prime factors of 289440?
2, 3, 5, 67
List the prime factors of 10355336.
2, 23, 167, 337
List the prime factors of 15859945.
5, 3171989
List the prime factors of 2354569.
7, 37, 9091
What are the prime factors of 232795?
5, 46559
List the prime factors of 260754.
2, 3, 13, 3343
List the prime factors of 16811082.
2, 3, 933949
List the prime factors of 687719.
37, 18587
What are the prime factors of 9493623?
3, 71, 83, 179
List the prime factors of 10048216.
2, 31, 1307
What are the prime factors of 10502157?
3, 107, 32717
What are the prime factors of 358490?
2, 5, 11, 3259
List the prime factors of 56860.
2, 5, 2843
List the prime factors of 283620.
2, 3, 5, 29, 163
List the prime factors of 570795.
3, 5, 38053
L